 - 1. Let k be s(7). Suppose -5*f - k*v + v + 620 = 0, 4*f = 2*v + 514. What are the prime factors of f?
127
Let h(d) = -415*d - 4. Let s be h(-2). Suppose -4*f - 2*j + s = 0, 13*j + 847 = 4*f + 8*j. List the prime factors of f.
2, 13
Let h be 34/6 - (-8)/24. Let k = -3 + h. Suppose -11 = k*z + 1, 0 = 5*m - 2*z - 73. List the prime factors of m.
13
Let y(o) = -74 - o + 55 - o + 7*o. What are the prime factors of y(10)?
31
List the prime factors of (23 - 34) + (752 - -4).
5, 149
Let q(z) be the first derivative of -9*z**2/2 - z - 7. Let i be q(-2). List the prime factors of (6 + -1)*34/i.
2, 5
Suppose 11591 = 20*x - 7549. List the prime factors of x.
3, 11, 29
Let k = 20 - 40. Let x(j) = -2*j - 28. What are the prime factors of x(k)?
2, 3
Let v = 55 - 106. Suppose -6*b + 15 = -b. List the prime factors of -6*(v/2)/b.
3, 17
Let z be (9/12)/((-1)/(-4)). Let f be (2 + -1 - 13) + z. What are the prime factors of (4 + f)/(2/(-6))?
3, 5
Let o = 323 + 1735. List the prime factors of o.
2, 3, 7
Suppose -2*g + 27 = -11*g. Let l be (-3 - -3) + -1*9. What are the prime factors of 15*g/l*8?
2, 5
Let f = -552 - -853. List the prime factors of f.
7, 43
Let j be (4/6)/((-18)/243). Let c = j + 29. Let d = 32 - c. What are the prime factors of d?
2, 3
Suppose 4*g + 53 = -103. Let c be 4/(-22) + g/(-33). What are the prime factors of 2*(-10)/(-1)*c?
2, 5
Let v = 466 - -435. List the prime factors of v.
17, 53
Let q(i) = i**3 + 9*i**2 + 5*i + 8. Let x(h) = h**3 + 9*h**2 + 5*h + 8. Let a(w) = -2*q(w) + 3*x(w). What are the prime factors of a(-7)?
71
Let o(s) = -s**3 - 12*s**2 - 10*s + 20. Let f be ((-45)/12 + 1)*4. What are the prime factors of o(f)?
3
Let b = -6683 - -10050. What are the prime factors of b?
7, 13, 37
Let j = 20 + -3. Let t = j - 13. Suppose -5*r + 17 = k, t*k + 5 = 13. List the prime factors of r.
3
Suppose 0 = f - 11 + 7. Suppose -4*w + 3816 = f*p, -4*p + 2*p - 5*w + 1920 = 0. What are the prime factors of p/15 - 2/6?
3, 7
Let o = 784 - 181. List the prime factors of o.
3, 67
Suppose 0*s + 12 = 4*s. Suppose 12 = 4*l, 0 = -31*y + 32*y + l - 5. Suppose -7 = -y*b + s. What are the prime factors of b?
5
Let f be 1 - 9/(36/(-32)). Suppose 5*v + f = 24. Suppose 203 = v*q + 5. List the prime factors of q.
2, 3, 11
Let s(q) be the first derivative of q**4/4 - 5*q**3/3 + 3*q**2 - 8*q + 1. List the prime factors of s(6).
2
Let i be (-244)/(1 + 3)*-5. Suppose -5*a = 30 - i. What are the prime factors of a?
5, 11
Let x(a) = -5*a. Let q be x(-3). Suppose -4*g - 9 = 31. Let s = q + g. List the prime factors of s.
5
Let a = 33 - 29. Let u(d) = -d - 8. Let f be u(-10). Suppose 3 = -y, 0 = -f*x + a*y - 2*y + 100. What are the prime factors of x?
47
Let k be -2*-6*(-4)/12. List the prime factors of ((-197)/(-4))/((-1)/k).
197
Suppose -1 = -m - m - 3*z, -1 = 2*m + 5*z. Suppose g = -4*x + 204, -m*g + 383 = 6*x - 3*x. List the prime factors of g.
2, 23
Suppose 38*m = 34*m + 15408. What are the prime factors of m?
2, 3, 107
Let n(z) = -1 - z**3 - 4*z**2 + 4*z + 0*z**3 + 8. Let o be n(-5). Suppose 0 = s + 3*s - o, 0 = 3*b + 3*s - 27. What are the prime factors of b?
2, 3
Let k be (102/(-9))/(2/6). Let o = k - -38. Suppose -o*g = -64 + 4. List the prime factors of g.
3, 5
What are the prime factors of (-11930)/(-34) - (-92)/782?
3, 13
Let s(y) = 2*y**2 + 15*y - 48. List the prime factors of s(-20).
2, 113
Suppose 0 = 2*y, -s - 16 = 3*s - 2*y. Let z be -26*(22/s + 3). Suppose -4*h = -9*h + z. What are the prime factors of h?
13
Let k = 61 - 41. Suppose 0*n = 4*n - k. List the prime factors of 8/3*(-2 + n).
2
Suppose 3*s - s + 20 = 0. Let r = s + 52. List the prime factors of r.
2, 3, 7
Let y(q) = 2*q + 38. Let r be y(-21). What are the prime factors of -3 - r/((-16)/(-460))?
2, 7
Let j = -2 + 3. Let b(r) = r**2 + 6*r - 5. Let i be b(-8). Let w = i + j. List the prime factors of w.
2, 3
Suppose -108 = -c + 718. List the prime factors of c.
2, 7, 59
Let g(y) = -y - 5. Let v(q) = 3*q - 4. Let x be v(-3). Let w be g(x). Suppose 0 = -2*o + 62 + w. List the prime factors of o.
5, 7
Let w(d) be the third derivative of d**5/15 - d**4/6 + d**3/3 - 11*d**2. Let t be w(2). What are the prime factors of ((-220)/(-11))/(4/t)?
2, 5
Let a(v) = v**3 - 8*v**2 + 11*v + 6. Let q be a(6). Suppose k - 3*k = q. Suppose -3*t + 8*t - 35 = k. What are the prime factors of t?
7
Let b(k) = 3*k + 2. Let r be b(-3). Let i = r + 7. List the prime factors of 46 - 1*(4 - i).
2, 3, 7
Let w(a) = -2*a - 12. Let n be w(-9). Let s(k) = -4 + 10*k + 6 - n*k - 3*k. List the prime factors of s(4).
2, 3
Suppose -5*k = -l - 2205, 2*l + l - 2205 = -5*k. What are the prime factors of k?
3, 7
Suppose 4*y - 3*y = -12. Suppose 84 = -9*f + 246. Let q = y + f. List the prime factors of q.
2, 3
Let k = 2446 + -1018. What are the prime factors of k?
2, 3, 7, 17
Suppose 2*t - 9*t = -14. List the prime factors of (t - -2 - 1)/((-9)/(-354)).
2, 59
Let m be (1 - 1)/(-2) + -1. Let g be (5 - -2)*(m + 0). Let x(a) = -7*a - 17. What are the prime factors of x(g)?
2
Let m = -5 + 7. Suppose 5*v = 77 + 68. Let y = v + m. What are the prime factors of y?
31
Let m(q) = -16*q**3 + 2*q**2 - 1. Let p be m(-1). Let k = p - 5. List the prime factors of k.
2, 3
Let h(y) = -3*y - 21. Let p be ((-1)/(-3))/((-11)/(-99)). Suppose -p*k + 82 = -4*b - b, 0 = -b - 5*k + 6. List the prime factors of h(b).
3, 7
Suppose -4*w - 6 + 22 = 0. Suppose 2*f - 95 = -3*b, b = 2*f + 3*b - 92. Suppose a + w*v = 2*a + 4, -3*a + v = -f. What are the prime factors of a?
2
Let d = -73 + 19. Let u = 165 + d. List the prime factors of u.
3, 37
Suppose -3*i = -3*v - 2*i - 7, -2*v + 5*i - 9 = 0. List the prime factors of (v + (-200)/(-15))*(3 + 0).
2, 17
Suppose -3*i = 4*a + 22, -a + 4*i = 2*a + 4. What are the prime factors of (-2058)/24*(-1 + a - -1)?
7
Suppose -2*z - 9 = -l, 14 - 59 = -5*l + z. Let b be (-6)/l - (-4)/6. Suppose k + 0 - 3 = b. What are the prime factors of k?
3
Suppose -i + 750 = -q, 3*i - 4*q - q = 2258. What are the prime factors of i?
2, 373
Let y(x) = x**2 - 15*x + 4. Let i be y(15). Suppose 2*b = i - 0. Suppose -a = -b*a + 6. What are the prime factors of a?
2, 3
Let m be (0 + -156)/(8/(-12)). Let c = m - 140. What are the prime factors of c?
2, 47
Suppose 3 = -3*a, -4*a + 18 + 2 = 3*q. Let y(u) = q*u**2 + 8*u - 2 - u**3 - 15*u - 4. What are the prime factors of y(6)?
2, 3
Let q(p) = p - 6. Let k be q(5). Let m be (7 - -4)/(k + 2). What are the prime factors of 6/(-33) - (-343)/m?
31
Let c = -9 + 13. Suppose c*u - 471 - 101 = 0. List the prime factors of u.
11, 13
Let x(u) = -u**3 - 17*u**2 + 2*u + 29. What are the prime factors of x(-19)?
23, 31
Let b = -28 - 61. Let l = 154 + b. What are the prime factors of l?
5, 13
Let u(l) = 4*l**2 - 160*l - 69. List the prime factors of u(46).
3, 5, 23
Let f = 0 + -2. Let w = 14 - f. What are the prime factors of w?
2
Suppose 2*d + d - l = 797, -2*l + 1066 = 4*d. Suppose 0 = 7*y - 0*y - d. List the prime factors of y.
2, 19
Let u(l) = 2*l**2 - l. Let r be u(2). Suppose 5*k + 90 = 4*p, -46 = 4*p - r*p + 3*k. What are the prime factors of p?
2, 5
List the prime factors of 13/2*(148 - -534).
11, 13, 31
Let y = -632 - -1563. Suppose 3*v + x = 428, 2*x = 4*v + 347 - y. What are the prime factors of v?
2, 3
Let j(o) = 34*o + 7. Let i be j(3). Suppose 6*q = 403 - i. List the prime factors of q.
7
Let t = -7 + 11. Suppose 2*s - t*s = 0. Suppose 2*c + c - 63 = s. What are the prime factors of c?
3, 7
Let d(o) = 0 - 13*o - 4 + 4 - 4. Let w(j) = 40*j + 12. Let y(c) = 16*d(c) + 5*w(c). What are the prime factors of y(-2)?
2, 3
Let u = 97 - 94. What are the prime factors of -139*u*((-32)/12)/4?
2, 139
Suppose 6*w - 13*w + 21 = 0. Let o(b) = -b + 5. Let x be o(3). Suppose h + 45 = x*h + p, w*h + 5*p = 145. List the prime factors of h.
2, 5
Let z = 4 + 1. Suppose -5*h - u + 46 = 0, -4*h - z*u + 20 = -0*u. List the prime factors of 6/h + 1379/35.
2, 5
Let p = -15 + 15. Let w(g) = -3*g + 9. List the prime factors of w(p).
3
Let k(q) = -q**3 - 18*q**2 - 40*q + 5. What are the prime factors of k(-17)?
2, 3, 11
Let u(h) = -3*h**3 - 10*h**2 - 38*h + 29. List the prime factors of u(-13).
2, 3, 113
Suppose -3*b + 7 = -5. List the prime factors of ((-1365)/(-28))/(1/b).
3, 5, 13
Let z = 9 + 130. List the prime factors of z.
